 -l - 2*l + 621 = -a*z. Is l composite?
True
Suppose 23*j - 18*j + 4*f - 8663 = 0, 5*f - 10 = 0. Is j prime?
False
Let j be 20/(-100) - (-2616)/5. Suppose 7*r = -j + 4002. Let h = r - 228. Is h composite?
False
Suppose -22 = -w + y + 3*y, -4*y - 18 = w. Let f(v) = 1332*v**2 - 2*v + 7. Is f(w) a composite number?
True
Let h(r) = -r + 19. Let u be h(7). Let o = 17 - u. Suppose -o*i = -509 - 66. Is i composite?
True
Let m(j) = 6*j**3 - 17*j**2 + 32*j + 68. Is m(11) a prime number?
False
Let i(c) = -2*c**2 + 8*c + 3. Let k be i(4). Suppose k*w - 24 = -5*r, 0*w + 12 = 2*r + 2*w. Suppose r*d + 3 + 6 = 0, -h + 292 = 5*d. Is h a composite number?
False
Suppose -2*q = 5*c - 60, -c - 3*q = 5 - 17. Let m be c/6*92/8. Suppose 4*y + m = 531. Is y a composite number?
False
Let v be 9 + -6 - 149/(-1). Suppose 2*d + c - v = 0, 2*d - 2*c - 140 = -0*d. Is (d/(-1 - 1))/(-1) a prime number?
True
Suppose 4*p = 43 + 21. Is 1*(614/8)/(4/p) a prime number?
True
Suppose -3*h - 6 = -2*d, 0*h + 9 = -4*h + 3*d. Let w(c) = c**2 + c + 19. Let m be w(h). Is (-1 + 2)*m/1 prime?
True
Suppose -l = -2*f + f, -l - 5*f - 18 = 0. Let v(m) = -m**3 - 3*m**2 - 2*m + 4. Let u be v(l). Suppose -u*h = -14*h + 104. Is h a composite number?
True
Let a(g) = -1055*g. Let v be a(-1). Suppose -5*r = 5*k - v, -4*r = -0*r - k - 854. Suppose 2*i - 511 = r. Is i prime?
False
Suppose -2*h + 10 = 0, -3*o + 97545 = o + h. Is o prime?
False
Let s(c) = 5*c**2 - 11. Let w be s(8). Let j = 17 - -37. Suppose -3*h - 5*m + w = j, -m = 0. Is h a composite number?
True
Suppose 11*q + 0*q + 66 = 0. Suppose 0*z + z + 2*n = 0, z - 9 = n. Is q/5*(-1185)/z composite?
True
Let w be (-2)/(24/9)*-4. Suppose -3*z - 2*z + w*o = -13930, -5*z = 5*o - 13970. Is z a prime number?
True
Let s(j) = 76*j**3 + 4*j**2 + 5*j - 11. Is s(4) a composite number?
False
Let o = 11272 - 3. Is o composite?
True
Let z(j) = 5*j**2 + 30*j - 12. Is z(-27) prime?
False
Suppose -7*b - 12409 = -8*b. Is b a prime number?
True
Let k(p) be the second derivative of p**3/3 + 3*p**2 + 2*p. Suppose -3*a - y = -25, a + 0*a + 3*y - 11 = 0. Is k(a) a prime number?
False
Let i be 1*-209*(-8)/(-4). Let t = i + 741. Is t composite?
True
Suppose 0 = 40*y - 28*y - 170916. Is y prime?
True
Let f(m) = 98*m + 351. Is f(31) composite?
False
Let t(n) = -26*n - 58. Is t(-12) a composite number?
True
Suppose 8 = 2*g, -3*g - 13544 = 3*l - 7*l. Is l composite?
False
Let f(p) = 1474*p**2 - 3. Is f(-2) composite?
True
Let a = 22071 + -12872. Is a composite?
False
Let v(j) = -5*j - 28. Let c be v(-7). Is c + 189/(-28) + (-891)/(-4) a composite number?
False
Suppose 7*d = 2*d - 3530. Let t = 1151 + d. Is t a composite number?
True
Suppose -3*c - 2*m + 19 = 0, -4*c + m = -4*m + 13. Suppose i = -0*i + 159. Suppose 378 + i = c*v. Is v composite?
False
Suppose -z = -4 + 8. Let u = 19 - 22. Is (u - z)/((-3)/(-159)) prime?
True
Suppose -j + 96907 = -5*r, -2*j - 5*r = -3*r - 193766. Is j composite?
True
Let n(w) be the third derivative of w**5/20 + w**4/24 + 5*w**2. Let b be n(-1). Is b*(-3 - 774/(-4)) composite?
True
Let i(h) = -4 + h**2 + h + 4. Let k be i(-1). Suppose 7*p - 2*p - 395 = k. Is p a composite number?
False
Let w be 13/(234/27)*(-4)/(-3). Suppose -3*y + 2892 = 3*v, w*v + y - 692 = 1231. Is v prime?
False
Is 9*(-14)/21 - -30607 composite?
True
Let n = -2 - -189. Suppose -6*f + 9*f = 4*w + 561, -f = -w - n. Is f composite?
True
Suppose 3*o + c = -23371, -4*c = 5*o + 37879 + 1075. Is (-1)/((-5)/(5 - o)) a prime number?
True
Suppose -2*z + 4*f + 7702 = -19444, 3 = f. Is z prime?
False
Is ((-54)/(-6) - 7) + 21683 composite?
True
Suppose 11*g - 12*g = -17. Suppose -z = -w - 1509, -7 = 5*w - g. Is z a composite number?
False
Suppose b + 3*b - 2 = 3*x, -1 = 3*x - 5*b. Let m(j) = -16*j**3 + 2*j**2 + 6*j + 3. Is m(x) composite?
False
Let w(m) = -2*m - 9. Suppose -2*s + 3*s + 9 = 0. Let a be w(s). Is 2/(-9) + 173/a prime?
True
Let u be 2/(-10) - (-1323153)/65. Suppose -a + u = 3*a. Is a composite?
True
Let m(k) = 3*k**2 + k. Let g be m(1). Suppose -g*j = -8, i + 3*i = -2*j + 24. Suppose -20 = -i*x + 10. Is x a prime number?
False
Let f(x) = -5 - 3 + 26*x - 7. Let v be -9 - (-25 - (-13 + 4)). Is f(v) prime?
True
Let c(j) = -j**3 + 8*j**2 + 8*j + 12. Let v be c(9). Suppose -v*o + 1 = -8. Suppose -4*p + 20 = 0, o*p - 4*p - 1010 = -5*g. Is g composite?
True
Let i(h) = -4*h**2 + 6*h + 8. Let a be i(-3). Let v = a + 61. Is v prime?
False
Is (-6 + (-35)/7)*1*-397 composite?
True
Suppose -187*j = -178*j - 22257. Is j composite?
False
Let d(n) = -9*n + 23. Let u = -43 + 29. Is d(u) prime?
True
Suppose -4*z - 15 = -z + 3*p, -5*z + p = 31. Let r be (6 - 0) + 3 + z. Suppose -r*d + 2545 = 2*d. Is d a prime number?
True
Is (-359828)/(-28) + (3 - 2/2) a prime number?
True
Let s = 3 - 1. Suppose u = -3*r - 3, 7*u - s*u - 19 = 2*r. Suppose 5*x - u*y - 122 = 0, -x = -0*x - y - 26. Is x a composite number?
True
Let p(k) = -124*k + 5. Let l = 17 + -19. Is p(l) a prime number?
False
Let i = -12059 - -20972. Suppose -613 - i = -11*l. Is l a composite number?
True
Is (1450 - 4) + (-49)/(-28)*-4 a prime number?
True
Let c = 34 + -16. Let r(x) = x**3 - 16*x**2 - 18*x + 5. Is r(c) composite?
True
Let l be (-2)/((-10)/5)*-11. Let u(t) be the third derivative of -10*t**4/3 + 9*t**3/2 + 6*t**2. Is u(l) composite?
False
Let b be (7/(70/(-11112)))/(9/(-30)). Suppose 5*x - 1881 = b. Is x a composite number?
False
Suppose -3*j + 861 = -15. Suppose -j = -7*h + 471. Is h a prime number?
True
Let t(i) = -3*i**3 + 59*i**2 - 4*i - 33. Is t(19) prime?
True
Suppose -12902 = -5*d - k, 0*d + 2572 = d + 3*k. Is d prime?
False
Is (0/(-1))/2 - (-8144 - 3) a composite number?
False
Let y = -15 + 10. Let b be 4/10 - 28/y. Suppose -5*l = 2*z - b*z - 2075, -z + 1660 = 4*l. Is l prime?
False
Let c = 1693 - 1176. Is c a composite number?
True
Suppose -3*l + 275 = -511. Suppose 3*s - 198 = 5*f + l, -5*s + 2*f + 773 = 0. Is s composite?
True
Suppose 5*u - p + 31838 = 0, -u - p = 2094 + 4276. Let y = -4007 - u. Is y a composite number?
True
Let m(b) be the third derivative of b**5/20 - 3*b**4/4 - 17*b**3/6 + 9*b**2. Is m(-16) prime?
True
Suppose 8*v - 3*v = 20. Suppose 4*t + 7*h - v*h + 18 = 0, h - 8 = t. Is (-2)/(-6) - 64/t a prime number?
True
Let s(o) be the first derivative of o**4/4 + 4*o**3 + 3*o**2 - 8*o + 6. Is s(-9) prime?
True
Suppose -2*g + 6*g = 5*j - 12, -2*j + g = -3. Suppose j = -k - 4*w + 2*w + 985, 0 = -k - w + 985. Is k a composite number?
True
Suppose c - 9 = 17. Let q = 29 - c. Suppose -4*p = -4*b + 3*b + 285, -3*b = q*p - 795. Is b composite?
False
Suppose -4*m = -2 + 26. Let w = m + 9. Suppose -w*h - 5*s + 391 + 396 = 0, 2*h - 508 = 5*s. Is h composite?
True
Let m(f) = 387*f**3 + f**2 - 2*f + 3. Is m(1) a composite number?
False
Suppose 178 = b - 2229. Is b a prime number?
False
Let g = 112021 - 9128. Is g a composite number?
True
Let p(w) = 2*w**3 - w**2 - w + 10981. Let f be p(0). Suppose 0 = 3*n - z - f, -18303 = -5*n - 0*z + 2*z. Is n a composite number?
False
Suppose -y - 4 = 0, -2*t = 11*y - 10*y - 38206. Is t a prime number?
False
Is (0 - -10)*4618/5 - -3 composite?
False
Suppose 7*a = 2*a + 3*o - 18373, 5*a + 3*o + 18367 = 0. Is 48/84 + a/(-14) a prime number?
True
Let u(l) = -1208*l + 3. Let t be u(-8). Suppose t = 3*k + 4*k. Is k a composite number?
False
Let c(p) = 22*p**2 + 4*p + 21. Let d be c(-6). Suppose -8*h = -5*h - d. Is h composite?
False
Suppose 290 + 4631 = 7*d. Is d prime?
False
Let g(d) = -2 + d**3 + 16*d**2 - 11*d**2 + 2*d - d**2. Let z be g(-4). Let p = z - -21. Is p composite?
False
Suppose 5*b + r = 282839, -9*b + 7*b + 3*r + 113122 = 0. Is b composite?
True
Suppose -3*l = 0, 2*l - l + 30 = -5*t. Is -753*(4/2)/t a composite number?
False
Let o = -27 + 13. Let n = 11 - o. Is n a prime number?
False
Suppose -p + 730 = -532. Is p composite?
True
Let r be (78/5)/(12/(-160)). Suppose -2*n + p - 255 = 0, 0 = -n - 0*n + p - 126. Let a = n - r. Is a a composite number?
False
Suppose 0 = 123*i - 130*i + 579929. Is i prime?
True
Let r = 2594 + -1508. Suppose d + r = 3*d. Is d prime?
False
Let k(c) be the second derivative of 1/6*c**3 + 1/2*c**2 - 31/20*c**5 + 0 + 0*c**4 - c. Is k(-1) a prime number?
True
Suppose -34 = -3*i - 1. Suppose -8*g = -i*g + 24. Let x(o) = 8*o**2 - 8*o - 9. I